9*z + 29854. What is s(-13)?
-33
Let a(b) = -7*b**3 + 328*b**2 + 106*b + 334. Determine a(47).
3107
Let o(t) = -5*t**2 - 41*t + 76. What is o(-16)?
-548
Let f(h) = -7*h**2 - 363*h - 26. What is f(-49)?
954
Let y(z) = -3*z**3 + 86*z**2 - 155*z + 515. What is y(27)?
-25
Let o(z) = 61*z**2 - 5543*z + 4764. What is o(90)?
-6
Let s(v) = -1880*v - 2247. Give s(-1).
-367
Let u(h) = -2*h**3 - 291*h**2 + 418*h - 3327. What is u(-147)?
54
Let s(l) = l**3 + 71*l**2 - 4*l. Calculate s(-71).
284
Let h(i) = -2*i**3 - 111*i**2 + 65*i + 542. Determine h(-56).
38
Let f(g) = -70*g**2 - 6552*g - 3901. Give f(-93).
5
Let m(x) = x**2 + 1383*x + 8078. Calculate m(-6).
-184
Let o(x) = -385825*x - 2314954. Calculate o(-6).
-4
Let l(z) = 150*z**2 - 26665*z - 6224. Give l(178).
6
Let i(y) = -2781*y + 38948. Determine i(14).
14
Let h(o) = 66*o - 4599. What is h(67)?
-177
Let j(c) = -3*c**2 + 9001*c - 8999. Determine j(1).
-1
Let y(j) = 42*j**3 - 1267*j**2 + 201*j + 154. Determine y(30).
-116
Let u(g) = g**3 + 3*g**2 - 1161*g + 125. What is u(-36)?
-847
Let d(a) = 24920*a - 199414. Give d(8).
-54
Let w(v) = 19805*v - 930841. Determine w(47).
-6
Let r(i) = 54*i**2 + 29*i + 112. Give r(-4).
860
Let x(t) = -3983*t**2 - 11959*t - 24. Give x(-3).
6
Let x(q) = 22655*q - 45314. Calculate x(2).
-4
Let w(b) = -55*b**2 - 523*b + 536. What is w(1)?
-42
Let x(v) = 2664*v + 1649009. Calculate x(-619).
-7
Let p(i) = -4127*i**2 + 247617*i + 219. Calculate p(60).
39
Let v(w) = 4*w**2 - 2500*w + 307111. Calculate v(168).
7
Let h(d) = 51*d**2 - 481*d - 6. What is h(11)?
874
Let b(r) = -r**2 + 24*r + 31506. Give b(186).
1374
Let w(v) = 5469*v + 306273. Give w(-56).
9
Let j(p) = -766*p + 217013. Calculate j(283).
235
Let d(g) = g**2 + 123*g - 511. Calculate d(4).
-3
Let i(x) = -56950*x - 227800. What is i(-4)?
0
Let b(i) = -502*i**2 - 56739*i - 251. What is b(-113)?
1218
Let s(q) = -315*q - 58289. Determine s(-185).
-14
Let v(o) = 24*o**2 - 442*o - 15195. Give v(36).
-3
Let k(a) = a**3 + 30*a**2 + 96*a - 292. What is k(-25)?
433
Let d(m) = -1057*m + 45442. What is d(43)?
-9
Let v(t) = 4*t**2 - 9943*t + 676419. What is v(70)?
9
Let r(y) = y**3 - 27*y**2 + 534*y - 13207. What is r(26)?
1
Let w(t) = 75*t**2 - 19*t + 6. Calculate w(1).
62
Let v(p) = 1914*p - 44173. Determine v(23).
-151
Let x(m) = 30*m + 1239. Give x(8).
1479
Let c(f) = f**3 + 68*f**2 - 1008*f - 60749. Calculate c(-70).
11
Let i(g) = 147*g - 17029. Calculate i(114).
-271
Let g(l) = -l**3 - 5*l**2 + 59*l + 343. Give g(-8).
63
Let k(v) = 1572*v**2 + 11206*v + 1411. Give k(-7).
-3
Let q(t) = t**3 + 125*t**2 + 3702*t + 384. Calculate q(-77).
-78
Let s(x) = -x**3 + 148*x**2 - 867*x - 53354. Calculate s(139).
22
Let r(n) = -12*n**2 - 52*n + 941. Determine r(-11).
61
Let v(h) = h**2 - 139*h + 2479. Determine v(21).
1
Let n(d) = -7*d**3 + 15*d**2 + 107*d - 60. Calculate n(5).
-25
Let u(b) = b**2 - 14636*b - 351825. Give u(-24).
15
Let j(l) = -2*l**2 + 35246*l - 35247. Calculate j(1).
-3
Let r(w) = -5870*w - 680897. Calculate r(-116).
23
Let y(s) = -41*s**3 - 13*s**2 - 354*s - 661. Calculate y(-2).
323
Let c(z) = -z**2 - 1433*z + 281354. Give c(175).
-46
Let q(m) = -m**3 + 116*m**2 + 51390*m + 603. Calculate q(292).
19
Let m(r) = r**3 - 189*r**2 - 2617*r + 461136. Determine m(190).
6
Let n(j) = 2981*j + 417502. Give n(-140).
162
Let q(b) = 296865*b + 593747. Give q(-2).
17
Let g(h) = -2*h**3 + 515*h**2 - 15002*h - 1351. What is g(224)?
-7
Let o(z) = -56*z**2 + 4244*z + 911. What is o(76)?
-1
Let i(n) = 100*n - 2894. Calculate i(38).
906
Let x(s) = -s**3 - 64*s**2 - 159*s - 203. What is x(-61)?
-1667
Let a(d) = 2*d**3 + 39*d**2 - 65*d + 5. Give a(-20).
905
Let r(u) = -537*u + 6943. Calculate r(13).
-38
Let w(x) = -46661*x + 1446514. Determine w(31).
23
Let v(i) = 42*i + 7033. Calculate v(-167).
19
Let b(m) = 62175*m - 3792692. Give b(61).
-17
Let c(b) = -b**2 - 45834*b - 137492. Calculate c(-3).
1
Let n(j) = j**3 + 596*j**2 - 6023*j - 136. What is n(10)?
234
Let s(t) = t**2 + 2*t - 175578. Calculate s(418).
-18
Let a(s) = -1411*s + 10058. Determine a(7).
181
Let x(w) = -16*w**2 - 45*w + 3. Determine x(-3).
-6
Let i(p) = 6*p**3 + 509*p**2 + 425*p + 669. Determine i(-84).
249
Let h(j) = 10773*j + 22004. Calculate h(-2).
458
Let h(l) = 947*l**3 - 2*l**2 + 15*l + 16. Calculate h(-1).
-948
Let q(x) = -498*x - 12873. Give q(-24).
-921
Let f(z) = 7114*z + 476629. Calculate f(-67).
-9
Let t(y) = 313836*y - 2824380. Calculate t(9).
144
Let h(n) = 2*n**2 - 32*n - 2890. Give h(48).
182
Let w(g) = 10*g**2 + 64*g + 325. What is w(-6)?
301
Let a(d) = 2*d**3 - 21*d**2 - 57*d - 368. Give a(13).
-264
Let x(m) = -11991*m - 95914. Give x(-8).
14
Let g(k) = 229*k**2 + 64368*k - 64368. Give g(1).
229
Let a(n) = -18*n**2 + 6880*n - 48198. What is a(7)?
-920
Let x(w) = -4*w**2 - 1848*w + 22769. Calculate x(12).
17
Let m(x) = -92*x**3 - 72*x**2 + 139*x - 3. Calculate m(2).
-749
Let r(x) = -37*x - 9454. Give r(-259).
129
Let d(c) = 2*c**3 + 230*c**2 + 244*c + 1788. Give d(-114).
-36
Let g(w) = -w**2 + 121*w + 18217. Give g(-97).
-2929
Let n(t) = 335*t + 15296. Determine n(-45).
221
Let x(l) = -l**2 + 52*l + 6148. Determine x(-61).
-745
Let o(y) = 2*y**2 - 75*y - 2561. Determine o(-28).
1107
Let l(z) = 2*z**2 + 34*z + 43. Calculate l(-13).
-61
Let l(g) = -4*g**2 + 17*g + 5785. Calculate l(-35).
290
Let p(m) = 5*m**2 + 6. Calculate p(-5).
131
Let l(r) = -9*r**3 + 165*r**2 - 807*r + 11. Determine l(5).
-1024
Let j(b) = -10*b**2 - 1235*b - 488. Determine j(-123).
127
Let a(w) = -w**2 - 37*w + 1257. Give a(-67).
-753
Let m(x) = 5*x**2 - 1380*x + 37882. Calculate m(31).
-93
Let o(i) = 5*i**2 + 66*i - 1304. What is o(-31)?
1455
Let i(q) = q**2 - 29*q - 10259. Determine i(118).
243
Let l(r) = 10*r**2 + 515*r - 1924. Give l(-55).
1
Let y(r) = 3*r**3 - 40*r**2 + 5558*r - 72073. What is y(13)?
12
Let i(f) = -362532*f + 7613184. What is i(21)?
12
Let b(o) = o**3 + 16*o**2 + 883*o + 17825. Give b(-19).
-35
Let f(w) = -435*w - 20915. Determine f(-48).
-35
Let m(s) = 181*s**2 - 152*s + 154. Calculate m(1).
183
Let l(r) = -122*r**2 + 3863*r - 2506. Calculate l(31).
5
Let i(b) = b**3 + 3419*b**2 - 41159*b - 159. What is i(12)?
-3
Let z(i) = 12*i**3 - 16*i**2 + 58*i - 53. Calculate z(2).
95
Let n(h) = -22*h**3 - 98*h**2 - 208*h - 2. Calculate n(-2).
198
Let c(x) = -4*x**2 + 371*x - 4321. Calculate c(80).
-241
Let z(f) = -3*f**2 - 699*f + 6847. Determine z(10).
-443
Let i(b) = 407*b**2 - 2934*b. Calculate i(7).
-595
Let g(t) = 155*t**2 - 474*t + 456. Calculate g(1).
137
Let q(u) = u**2 + 1915237*u - 19152468. Determine q(10).
2
Let t(q) = -8*q**2 + 153*q - 2330. Calculate t(17).
-2041
Let f(g) = -965*g - 68497. Give f(-71).
18
Let o(g) = g**2 - 375*g + 34829. Give o(169).
15
Let h(z) = -z**3 - 5*z**2 + 85*z + 953. Determine h(-13).
1200
Let p(i) = -393*i - 1896. What is p(-5)?
69
Let z(s) = -29175*s - 2509061. Give z(-86).
-11
Let i(s) = -94*s**3 - 141*s**2 + 587*s + 28. What is i(4)?
-5896
Let n(q) = 197*q**2 + 547*q - 898. What is n(2)?
984
Let m(d) = 5*d**2 - 59*d + 279. Calculate m(14).
433
Let a(n) = 2178779*n + 10893897. Give a(-5).
2
Let o(v) = 32532*v + 292796. Give o(-9).
8
Let g(a) = -2*a**2 - 792*a - 35440. Calculate g(-48).
-2032
Let n(f) = 1651*f - 11234. What is n(7)?
323
Let q(t) = t**3 - 161*t**2 + 5555*t + 118. Give q(49).
3401
Let d(w) = w**3 + 148*w**2 + 4060*w - 109890. Determine d(-79).
-1
Let b(w) = -12*w**2 + 371*w + 553. Give b(36).
-1643
Let s(p) = -244*p + 204. Give s(1).
-40
Let k(u) = -84375*u + 2446861. Calculate k(29).
-14
Let a(f) = 11*f**2 - 9166*f - 64223. Calculate a(-7).
478
Let s(v) = -v**3 - 9*v**2 - 72*v + 589. Give s(6).
-383
Let k(i) = -2*i**2 - 33797*i + 236651. Calculate k(7).
-26
Let r(w) = w**3 - 48*w**2 - 119*w + 934. Give r(50).
-16
Let y(j) = 5*j**2 + 119*j + 156. What is y(-9)?
-510
Let d(j) = -3*j**3 + 221*j**2 + 6434*j - 188. Determine d(96).
4
Let d(o) = -15808*o + 679885. Determine d(43).
141
Let f(b) = -4*b**2 - 90*b + 351. What is f(-30)?
-549
Let b(q) = 207*q - 7070. Give b(30).
-860
Let t(l) = l**2 + 1539*l + 112386. Determine t(-77).
-188
Let u(l) = 484*l - 35832. What is u(74)?
-16
Let k(t) = -3*t**2 + 230*t + 135. Give k(11).
2302
Let z(i) = -69*i**2 - 777*i - 194. Calculate z(-11).
4
Let i(h) = h**3 + 13*h**2 - 984*h